ose 0 = 4*i + i - 55. Let u = i - 11. Suppose 5*t + z + 10 - 200 = u, 4*t - 146 = -2*z. Is t prime?
False
Let g(m) = 25*m**2 + 12*m - 20. Is g(11) prime?
True
Suppose 3*o + 0 - 6 = 0. Suppose 4*a = 5*a + 2, -o*r + 12 = -4*a. Suppose r*k + 791 = 9*k. Is k composite?
False
Suppose 17*o - 37*o + 129100 = 0. Is o prime?
False
Suppose -10*u + 7*u - 4*i = -631, 623 = 3*u - 4*i. Is u a prime number?
False
Suppose -5*f + b = -25, 3*b + 15 = -0. Suppose 0 = -p - f*p + 90. Suppose 4 = -o + p. Is o composite?
True
Suppose -2*l - l + 1044 = 0. Suppose -6*q + 9*q = -687. Let c = l + q. Is c composite?
True
Suppose 17*b - 13*b - 2495 = 3*z, -2*z = 5*b - 3113. Is b prime?
False
Let n = -81271 - -129866. Is n a prime number?
False
Suppose 5*f - 148561 - 65538 = -3*q, -4*q = 2*f - 85634. Is f a prime number?
True
Let f = 173 - -87. Let j = 152 + f. Suppose 6*k - 2*k = j. Is k a prime number?
True
Suppose -z = -4*z - 2*i + 17357, -4*i - 20 = 0. Suppose -o + z = 2*v + v, 1951 = v - 5*o. Is v a composite number?
False
Let f(x) = 89*x**3 + x**2 - x - 1. Let b be f(-1). Let l be (-1134)/(-12)*4/3. Let h = b + l. Is h a prime number?
False
Let k be 3 - -1882 - (6 - 8). Suppose -2*c = -k - 199. Is c prime?
False
Let k(c) = c**3 - 16*c**2 + 14*c + 19. Let q be k(15). Suppose 0 = 7*a - q*a + 825. Let d = -178 - a. Is d prime?
True
Suppose 11*d + 80617 = 5*g + 13*d, 0 = 2*g + 3*d - 32249. Is g prime?
False
Let l(k) = k**2 - 5*k + 3. Let d be l(5). Let x = -104 - 2113. Is d/12 - x/12 composite?
True
Is 1677/1 - 2*2/(-4) a prime number?
False
Let b be (-5)/(9180/1148 - 4 - 4). Suppose 3*p - 3944 - b = 0. Is p a composite number?
True
Let f(t) be the second derivative of 185*t**3/6 + t**2/2 + 15*t. Is f(2) composite?
True
Let z = 13 - 11. Suppose -z*k + 111 = 37. Is k prime?
True
Let z = 5080 + -2551. Suppose 3*j + 4*p = 3*p + z, 0 = 3*p. Is j a prime number?
False
Let d = -3558 - -5197. Is d composite?
True
Suppose -3*b = -2*b + 4. Is (-1)/b - (-56199)/52 prime?
False
Suppose 199179 = 17*x + 31712. Is x prime?
True
Let h be -48 - (2 + 3 + -2). Let d = h - -249. Suppose 4*q = f - 74, -3*f + q + 3*q = -d. Is f composite?
True
Suppose 0 = -18*c - 3*c + 181923. Is c composite?
False
Suppose 4*p = 7*p + 4*k - 65017, -k - 21663 = -p. Is p a prime number?
False
Suppose -4*y = l - 8, 3*y - 17 = -0*l + 2*l. Let z be y - (-6 + -3 + 6). Let j(w) = 2*w**2 - 3*w - 8. Is j(z) a composite number?
True
Suppose 40 - 130 = -10*t. Let y(r) = r**3 + 5*r**2 - r - 8. Is y(t) a composite number?
False
Let y = 12020 + -4427. Is y a prime number?
False
Let j = 1 - 3. Let p = 27 + -24. Is (j/p)/((-4)/126) a prime number?
False
Let g(a) = 101*a**2 - 9*a - 12. Let h be g(-6). Let r = h + -269. Is r a composite number?
True
Let o(h) = -h**3 + 5*h**2 + h + 5. Let i be o(6). Is 7982/10 + (-20)/i composite?
True
Let j(p) = p**2 + p + 1. Let g(h) = -5*h**2 - 11*h - 4. Let r(a) = g(a) + 6*j(a). Let y be r(4). Is 2*(-1 - y) - -507 a composite number?
False
Suppose 0*h + 4*h - 1264 = 0. Let x = -485 + h. Let z = 402 + x. Is z composite?
False
Is -3 + 483/(-14)*-796 + 2 a prime number?
False
Suppose -4*o + 11*o - 15757 = 0. Is o composite?
False
Let s = -5889 - -9458. Is s prime?
False
Let d(i) = 4*i**2 + 5*i + 9. Let c = 23 - 18. Is d(c) prime?
False
Is 4 - 1 - (-1*1836 + -8) composite?
False
Let i(m) = m - 1. Let q be i(0). Let k(y) = -y - 1. Let f be k(q). Suppose 2*t + 2*h = 252, f = h + 4*h + 5. Is t prime?
True
Suppose -15547 = -g + 4*l, -g + 2572 + 12930 = 5*l. Is g a composite number?
False
Suppose -4*f + 4050 = 5*g, -3*f + 2032 = -f - g. Let h = f - 428. Is h a composite number?
False
Let n(f) = -244*f + 7. Let k(j) = -487*j + 15. Let q(u) = -3*k(u) + 7*n(u). Is q(-3) a prime number?
False
Let z(u) = 10*u**2 - 4*u - 17. Suppose 9 = 2*s - 1. Suppose 0 = 6*i - i - 25, 4*i + 15 = -s*x. Is z(x) prime?
False
Is 70605/171 + (-8)/(-76) composite?
True
Suppose 4*h - 2*f = 7538, -h + 3764 = h + 4*f. Let y = h - 1343. Is y prime?
True
Let c be (-4)/10*-105*3/(-9). Let j(q) = 19*q**2 + 26*q - 7. Is j(c) prime?
False
Let b(z) = -7*z - 38. Let d be b(-6). Suppose -h - d*t + 1631 = 0, -2*t = 3*h - h - 3292. Is h prime?
False
Suppose -3*a + a = -10, 0 = 4*c - 4*a + 40. Is c + 2 - (0 + -145) prime?
False
Let j = 5 - -2. Let b = 36 + -17. Let p = j + b. Is p composite?
True
Let j(z) = 105*z - 12. Let f be j(6). Suppose f = 3*n - 0*n. Is n a composite number?
True
Let j(g) = g**2 + 7*g + 8. Let z be j(-6). Suppose 2*p = -5*m - 15, -m = 2*m - p - 2. Is (z + -3)*(-36 + m) a prime number?
True
Let x = 2846 - 1659. Suppose 3*y + 488 - x = 0. Is y prime?
True
Suppose 132733 = 5*f + 2*g, 0 = 3*f + 222*g - 224*g - 79627. Is f a composite number?
True
Let x(d) = -63*d - 41. Let y(r) = 21*r + 14. Let g(n) = 4*x(n) + 11*y(n). Is g(-8) a composite number?
True
Suppose -p + 2*c = 2*p + 140, 2*p + 106 = -5*c. Let x = -34 + p. Let u = 239 + x. Is u a composite number?
False
Let z(v) = 117*v**2 + 64*v + 996. Is z(-17) a prime number?
True
Let l = -6861 + 13243. Suppose 8*a - 3*a = 3*f + l, 4*a = -2*f + 5110. Is a a prime number?
True
Let r = -294 - 22. Suppose -5*u - 682 = 193. Let m = u - r. Is m a prime number?
False
Let m(k) = 77*k - 223. Is m(16) prime?
True
Is (3 - 5)/((-12)/36402) a composite number?
False
Suppose 5*u + 3*z = 25, -3*u + 4*z - z = 9. Suppose -s = -3*b - 7, -b = -u*s - 0*b + 9. Suppose -i + 425 = 4*i + 4*y, 3*i - 255 = -s*y. Is i a prime number?
False
Suppose -7*b + 22634 + 7025 = 0. Is b a composite number?
True
Suppose -172 = -5*m - 4*p, m - 6*m + 170 = 5*p. Suppose -m*g = -38*g + 418. Is g a composite number?
True
Suppose 3*v - v + 137 = h, h + 5*v = 102. Let c = h - -9. Suppose 0 = 2*l - 162 - c. Is l composite?
False
Let v(s) = -s**3 + 20*s**2 + 22*s - 17. Let h be v(21). Suppose -4*w + 651 - 8634 = -3*d, h*d + 4*w = 10616. Is d a composite number?
False
Let r(k) = k**3 - 4*k**2 - 8*k + 15. Let u be r(11). Suppose -2*c + 930 = -2*v, -2*c + 7*c = 3*v + 1391. Let x = u + v. Is x composite?
False
Let b be ((-20510)/(-6))/(9/27). Suppose j + b = -0*w + 5*w, 5*w - 10235 = -3*j. Suppose h + 2*h - w = m, 0 = -3*h - 2*m + 2047. Is h a composite number?
False
Let l = 11776 + 13213. Is l a composite number?
False
Let s = -4329 - -7466. Is s a prime number?
True
Suppose n + 5*h - 24 = 0, -2*n - 2*h + 18 = 2*h. Let j(w) = 1250*w**2 - 1. Is j(n) prime?
True
Suppose -2*v - 10*m = -8*m - 99450, -3*v - 5*m + 149183 = 0. Is v composite?
True
Let a(u) be the second derivative of u**4/12 - u**3/6 + 71*u**2/2 - 11*u. Is a(0) prime?
True
Let s = 22 - -14. Is (-2356)/(-6) - (-12)/s a composite number?
True
Let v be (5 - 8) + 5*1. Let y = 1462 + -549. Suppose -5*g + y = 4*s, v*g - s = -g + 558. Is g a composite number?
True
Let g be ((-4)/6)/((14/1677)/(-7)). Suppose -2255 = -6*z + g. Is z composite?
True
Let a(y) = -9533*y**3 - 3*y**2 - 7*y - 4. Is a(-1) composite?
False
Let g(s) be the third derivative of s**5/60 + 5*s**4/24 + s**3/3 + 2*s**2. Let p be g(8). Let k = p - 21. Is k prime?
False
Let f(h) = -1 - 27*h**2 + 19*h + 2 + 113*h**2 - 3. Is f(-5) composite?
False
Let c(a) = -a**2 + 8*a - 10. Let t be c(4). Suppose -933 = -t*x + 1701. Is x prime?
True
Let f(x) be the first derivative of 29*x**2/2 - 59*x + 17. Is f(20) a prime number?
True
Suppose 8156 = -2*w - 7824. Let j = -3941 - w. Is j a prime number?
True
Let u(c) = -192*c**3 + 10*c**2 - 29*c - 108. Is u(-5) composite?
True
Let q(d) = -24*d - 10. Let z be q(-10). Suppose -4*c - c = -z. Is c composite?
True
Let p = -2304 - -3245. Is p prime?
True
Is 13646*((-20)/(-12) - 7/6) a composite number?
False
Let h(r) = 103*r**2 + 13*r + 7. Is h(6) prime?
True
Suppose -5*z + 11079 = 2949. Suppose 4*x = z + 2690. Is x prime?
False
Suppose -6 = -4*f + 3*j, 0 = -5*f + 6*j - 2*j + 7. Suppose -f*s + o + 1254 = 0, -o + 896 - 2988 = -5*s. Is s a composite number?
False
Let z(g) = g**3 - 11*g**2 - 4*g - 13. Let i be (1 + 31)*4/(-2). Let u be (3/(-4))/(4/i). Is z(u) a prime number?
True
Let x = 8 - 8. Let c(l) be the second derivative of -l**3/3 + 163*l**2/2 - l. Is c(x) a composite number?
False
Let j be 455/(-3) + (-2)/6. Let l = j + 372. Suppose -4*r - 150 + 1025 = 3*h, -r = h - l. Is r a composite number?
True
Let o = 11 - 3. Let m(g) = 4*g**2 + 5*g - 3. Is m(o) a composite numb